{"id":747,"date":"2024-04-18T09:20:03","date_gmt":"2024-04-18T07:20:03","guid":{"rendered":"https:\/\/privat.kits.comdeva.se\/?post_type=product&#038;p=747"},"modified":"2026-02-24T15:03:36","modified_gmt":"2026-02-24T14:03:36","slug":"stenmjol","status":"publish","type":"product","link":"https:\/\/kitsrecycling.se\/privat\/produkt\/stenmjol\/","title":{"rendered":"Stenmj\u00f6l (Bergkross 0\/8)"},"content":{"rendered":"","protected":false},"excerpt":{"rendered":"<p>Stenmj\u00f6l \u00e4r ett perfekt material att anv\u00e4nda vid anl\u00e4ggning av g\u00e5ng- och cykelbanor. Det \u00e4r \u00e4ven ett bra basmaterial f\u00f6r fotbollsplaner, ridanl\u00e4ggningar eller vid platts\u00e4ttning.<\/p>\n","protected":false},"featured_media":757,"template":"","meta":{"_acf_changed":false},"product_brand":[],"product_cat":[21],"product_tag":[],"class_list":{"0":"post-747","1":"product","2":"type-product","3":"status-publish","4":"has-post-thumbnail","6":"product_cat-grus-och-kross","7":"tm-has-options","9":"first","10":"instock","11":"shipping-taxable","12":"purchasable","13":"product-type-simple"},"acf":[],"_links":{"self":[{"href":"https:\/\/kitsrecycling.se\/privat\/wp-json\/wp\/v2\/product\/747","targetHints":{"allow":["GET"]}}],"collection":[{"href":"https:\/\/kitsrecycling.se\/privat\/wp-json\/wp\/v2\/product"}],"about":[{"href":"https:\/\/kitsrecycling.se\/privat\/wp-json\/wp\/v2\/types\/product"}],"wp:featuredmedia":[{"embeddable":true,"href":"https:\/\/kitsrecycling.se\/privat\/wp-json\/wp\/v2\/media\/757"}],"wp:attachment":[{"href":"https:\/\/kitsrecycling.se\/privat\/wp-json\/wp\/v2\/media?parent=747"}],"wp:term":[{"taxonomy":"product_brand","embeddable":true,"href":"https:\/\/kitsrecycling.se\/privat\/wp-json\/wp\/v2\/product_brand?post=747"},{"taxonomy":"product_cat","embeddable":true,"href":"https:\/\/kitsrecycling.se\/privat\/wp-json\/wp\/v2\/product_cat?post=747"},{"taxonomy":"product_tag","embeddable":true,"href":"https:\/\/kitsrecycling.se\/privat\/wp-json\/wp\/v2\/product_tag?post=747"}],"curies":[{"name":"wp","href":"https:\/\/api.w.org\/{rel}","templated":true}]}}