{"id":731,"date":"2024-04-17T17:37:01","date_gmt":"2024-04-17T15:37:01","guid":{"rendered":"https:\/\/privat.kits.comdeva.se\/?post_type=product&#038;p=731"},"modified":"2025-03-27T13:26:28","modified_gmt":"2025-03-27T12:26:28","slug":"betongkross","status":"publish","type":"product","link":"https:\/\/kitsrecycling.se\/privat\/produkt\/betongkross\/","title":{"rendered":"Betongkross"},"content":{"rendered":"","protected":false},"excerpt":{"rendered":"<p>Betongkross tillverkas p\u00e5 v\u00e5r \u00e5tervinningscentral genom att vi krossar och \u00e5tervinner gammal betong. Det \u00e4r ett mycket bra gr\u00f6nt alternativ att v\u00e4lja som b\u00e4rlager och slitlager eller som grund i bygg- och anl\u00e4ggning.<\/p>\n","protected":false},"featured_media":732,"template":"","meta":{"_acf_changed":false},"product_brand":[],"product_cat":[21],"product_tag":[],"class_list":{"0":"post-731","1":"product","2":"type-product","3":"status-publish","4":"has-post-thumbnail","6":"product_cat-grus-och-kross","7":"tm-has-options","9":"first","10":"instock","11":"shipping-taxable","12":"purchasable","13":"product-type-simple"},"acf":[],"_links":{"self":[{"href":"https:\/\/kitsrecycling.se\/privat\/wp-json\/wp\/v2\/product\/731","targetHints":{"allow":["GET"]}}],"collection":[{"href":"https:\/\/kitsrecycling.se\/privat\/wp-json\/wp\/v2\/product"}],"about":[{"href":"https:\/\/kitsrecycling.se\/privat\/wp-json\/wp\/v2\/types\/product"}],"wp:featuredmedia":[{"embeddable":true,"href":"https:\/\/kitsrecycling.se\/privat\/wp-json\/wp\/v2\/media\/732"}],"wp:attachment":[{"href":"https:\/\/kitsrecycling.se\/privat\/wp-json\/wp\/v2\/media?parent=731"}],"wp:term":[{"taxonomy":"product_brand","embeddable":true,"href":"https:\/\/kitsrecycling.se\/privat\/wp-json\/wp\/v2\/product_brand?post=731"},{"taxonomy":"product_cat","embeddable":true,"href":"https:\/\/kitsrecycling.se\/privat\/wp-json\/wp\/v2\/product_cat?post=731"},{"taxonomy":"product_tag","embeddable":true,"href":"https:\/\/kitsrecycling.se\/privat\/wp-json\/wp\/v2\/product_tag?post=731"}],"curies":[{"name":"wp","href":"https:\/\/api.w.org\/{rel}","templated":true}]}}