{"id":129,"date":"2024-04-10T23:36:58","date_gmt":"2024-04-10T21:36:58","guid":{"rendered":"https:\/\/privat.kits.comdeva.se\/?page_id=129"},"modified":"2024-05-24T01:45:39","modified_gmt":"2024-05-23T23:45:39","slug":"om-oss","status":"publish","type":"page","link":"https:\/\/kitsrecycling.se\/privat\/om-oss\/","title":{"rendered":"Om oss"},"content":{"rendered":"\t\t<div data-elementor-type=\"wp-page\" data-elementor-id=\"129\" class=\"elementor elementor-129\" data-elementor-post-type=\"page\">\n\t\t\t\t<div class=\"elementor-element elementor-element-038382e e-flex e-con-boxed e-con e-parent\" data-id=\"038382e\" data-element_type=\"container\">\n\t\t\t\t\t<div class=\"e-con-inner\">\n\t\t\t\t<div class=\"elementor-element elementor-element-ea2339b elementor-widget elementor-widget-heading\" data-id=\"ea2339b\" data-element_type=\"widget\" data-widget_type=\"heading.default\">\n\t\t\t\t<div class=\"elementor-widget-container\">\n\t\t\t\t\t<h1 class=\"elementor-heading-title elementor-size-default\">Om Kits Recycling<\/h1>\t\t\t\t<\/div>\n\t\t\t\t<\/div>\n\t\t<div class=\"elementor-element elementor-element-121f4b4 e-con-full e-flex e-con e-child\" data-id=\"121f4b4\" data-element_type=\"container\">\n\t\t<div class=\"elementor-element elementor-element-a11a02a e-flex e-con-boxed e-con e-child\" data-id=\"a11a02a\" data-element_type=\"container\">\n\t\t\t\t\t<div class=\"e-con-inner\">\n\t\t\t\t<div class=\"elementor-element elementor-element-dbb0d87 elementor-widget elementor-widget-text-editor\" data-id=\"dbb0d87\" data-element_type=\"widget\" data-widget_type=\"text-editor.default\">\n\t\t\t\t<div class=\"elementor-widget-container\">\n\t\t\t\t\t\t\t\t\t<p><span style=\"font-weight: 400;\">Kits Recycling, grundat 2011 i Enk\u00f6ping, b\u00f6rjade som ett entreprenadf\u00f6retag specialiserat p\u00e5 installation av vatten och avlopp. Fr\u00e5n 2013 breddade vi v\u00e5r verksamhet till att omfatta \u00e5tervinning av material, vilket har blivit en v\u00e4xande del av v\u00e5r aff\u00e4rsmodell. Sedan 2018 har vi ut\u00f6kat v\u00e5r n\u00e4rvaro till andra orter och st\u00e4rkt v\u00e5rt team till cirka 10 specialiserade medarbetare.<\/span><\/p><p><span style=\"font-weight: 400;\">Idag ligger v\u00e5rt fokus p\u00e5 mobil \u00e5tervinning samt traditionell entreprenad. Inom \u00e5tervinningen hanterar vi fr\u00e4mst \u00f6verblivna massor s\u00e5som asfalt, betong, berg, grus, sand, jordprodukter, stubb, ris och tr\u00e4dg\u00e5rdskompost. V\u00e5r flexibla \u00e5tervinningsprocess m\u00f6jligg\u00f6r \u00e5teranv\u00e4ndning av 85\u2013100% av dessa material, beroende p\u00e5 deras sammans\u00e4ttning.<\/span><\/p><p><span style=\"font-weight: 400;\">V\u00e5r entreprenadverksamhet inkluderar allt fr\u00e5n grundl\u00e4ggning till f\u00e4rdigst\u00e4llande av byggplatser. V\u00e5r maskinpark \u00e4r anpassad f\u00f6r b\u00e5de stora och sm\u00e5 projekt, vilket g\u00f6r oss exceptionellt flexibla och kapabla att m\u00f6ta v\u00e5ra kunders behov i skiftande projektstorlekar. Genom att integrera mobil \u00e5tervinning i v\u00e5ra tj\u00e4nster, kan vi effektivt \u00e5tervinna material direkt p\u00e5 arbetsplatserna, vilket minimerar transportkostnader och milj\u00f6p\u00e5verkan.<\/span><\/p>\t\t\t\t\t\t\t\t<\/div>\n\t\t\t\t<\/div>\n\t\t\t\t\t<\/div>\n\t\t\t\t<\/div>\n\t\t<div class=\"elementor-element elementor-element-7c8061f e-flex e-con-boxed e-con e-child\" data-id=\"7c8061f\" data-element_type=\"container\">\n\t\t\t\t\t<div class=\"e-con-inner\">\n\t\t\t\t<div class=\"elementor-element elementor-element-89fdd9c dce_masking-none elementor-widget elementor-widget-image\" data-id=\"89fdd9c\" data-element_type=\"widget\" data-widget_type=\"image.default\">\n\t\t\t\t<div class=\"elementor-widget-container\">\n\t\t\t\t\t\t\t\t\t\t\t\t\t\t\t<img fetchpriority=\"high\" decoding=\"async\" width=\"624\" height=\"580\" src=\"https:\/\/kitsrecycling.se\/privat\/wp-content\/uploads\/sites\/3\/2024\/05\/kits-personal-form.png\" class=\"attachment-full size-full wp-image-2137\" alt=\"\" srcset=\"https:\/\/kitsrecycling.se\/privat\/wp-content\/uploads\/sites\/3\/2024\/05\/kits-personal-form.png 624w, https:\/\/kitsrecycling.se\/privat\/wp-content\/uploads\/sites\/3\/2024\/05\/kits-personal-form-600x558.png 600w, https:\/\/kitsrecycling.se\/privat\/wp-content\/uploads\/sites\/3\/2024\/05\/kits-personal-form-150x139.png 150w\" sizes=\"(max-width: 624px) 100vw, 624px\" \/>\t\t\t\t\t\t\t\t\t\t\t\t\t\t\t<\/div>\n\t\t\t\t<\/div>\n\t\t\t\t\t<\/div>\n\t\t\t\t<\/div>\n\t\t\t\t<\/div>\n\t\t\t\t\t<\/div>\n\t\t\t\t<\/div>\n\t\t<div class=\"elementor-element elementor-element-b4fe6c4 e-flex e-con-boxed e-con e-parent\" data-id=\"b4fe6c4\" data-element_type=\"container\">\n\t\t\t\t\t<div class=\"e-con-inner\">\n\t\t<div class=\"elementor-element elementor-element-4031df1 e-flex e-con-boxed e-con e-child\" data-id=\"4031df1\" data-element_type=\"container\">\n\t\t\t\t\t<div class=\"e-con-inner\">\n\t\t<div class=\"elementor-element elementor-element-a873797 e-flex e-con-boxed e-con e-child\" data-id=\"a873797\" data-element_type=\"container\">\n\t\t\t\t\t<div class=\"e-con-inner\">\n\t\t\t\t<div class=\"elementor-element elementor-element-af78c9d elementor-widget elementor-widget-heading\" data-id=\"af78c9d\" data-element_type=\"widget\" data-widget_type=\"heading.default\">\n\t\t\t\t<div class=\"elementor-widget-container\">\n\t\t\t\t\t<h2 class=\"elementor-heading-title elementor-size-default\">V\u00e5ra arbetsomr\u00e5den \u00e4r idag entreprenad och \u00e5tervinning.<\/h2>\t\t\t\t<\/div>\n\t\t\t\t<\/div>\n\t\t\t\t\t<\/div>\n\t\t\t\t<\/div>\n\t\t<div class=\"elementor-element elementor-element-c132103 e-flex e-con-boxed e-con e-child\" data-id=\"c132103\" data-element_type=\"container\">\n\t\t\t\t\t<div class=\"e-con-inner\">\n\t\t\t\t<div class=\"elementor-element elementor-element-35e58c4 elementor-widget elementor-widget-text-editor\" data-id=\"35e58c4\" data-element_type=\"widget\" data-widget_type=\"text-editor.default\">\n\t\t\t\t<div class=\"elementor-widget-container\">\n\t\t\t\t\t\t\t\t\t<p>P\u00e5 \u00e5tervinningssidan tar vi in och \u00e5tervinner \u00f6verblivna massor som kan g\u00e5 ut i bruk igen. Det innefattar asfalt, betong, berg, grus, sand, jordprodukter, stubb, ris och kompost av tr\u00e4dg\u00e5rdsavfall. \u00a0Av de massor vi tar in kan vi \u00e5tervinna mellan 85\u2013100% beroende p\u00e5 massans inneh\u00e5ll.<\/p><p>P\u00e5 entreprenadsidan g\u00f6r vi allt fr\u00e5n grundarbete till f\u00e4rdig platta av nybyggnation samt spr\u00e4ngning och spr\u00e4ckning. Vi har \u00e4ven en flexibel maskinpark vilket g\u00f6r att vi kan utf\u00f6ra allt fr\u00e5n st\u00f6rre till mindre projekt.<\/p>\t\t\t\t\t\t\t\t<\/div>\n\t\t\t\t<\/div>\n\t\t\t\t\t<\/div>\n\t\t\t\t<\/div>\n\t\t\t\t\t<\/div>\n\t\t\t\t<\/div>\n\t\t\t\t\t<\/div>\n\t\t\t\t<\/div>\n\t\t<div class=\"elementor-element elementor-element-94b2734 e-flex e-con-boxed e-con e-parent\" data-id=\"94b2734\" data-element_type=\"container\">\n\t\t\t\t\t<div class=\"e-con-inner\">\n\t\t\t\t<div class=\"elementor-element elementor-element-874d67f elementor-widget elementor-widget-heading\" data-id=\"874d67f\" data-element_type=\"widget\" data-widget_type=\"heading.default\">\n\t\t\t\t<div class=\"elementor-widget-container\">\n\t\t\t\t\t<h2 class=\"elementor-heading-title elementor-size-default\">Kontakt<\/h2>\t\t\t\t<\/div>\n\t\t\t\t<\/div>\n\t\t\t\t<div class=\"elementor-element elementor-element-f865c9d elementor-button-align-end elementor-widget elementor-widget-form\" data-id=\"f865c9d\" data-element_type=\"widget\" data-settings=\"{&quot;step_next_label&quot;:&quot;Next&quot;,&quot;step_previous_label&quot;:&quot;Previous&quot;,&quot;button_width&quot;:&quot;100&quot;,&quot;dce_confirm_dialog_enabled&quot;:&quot;no&quot;,&quot;step_type&quot;:&quot;number_text&quot;,&quot;step_icon_shape&quot;:&quot;circle&quot;,&quot;label_icon_size&quot;:{&quot;unit&quot;:&quot;px&quot;,&quot;size&quot;:&quot;&quot;,&quot;sizes&quot;:[]},&quot;field_icon_size&quot;:{&quot;unit&quot;:&quot;px&quot;,&quot;size&quot;:&quot;&quot;,&quot;sizes&quot;:[]}}\" data-widget_type=\"form.default\">\n\t\t\t\t<div class=\"elementor-widget-container\">\n\t\t\t\t\t\t\t<form class=\"elementor-form\" method=\"post\" id=\"contactAboutOss\" name=\"Kontakt om oss\" aria-label=\"Kontakt om oss\">\n\t\t\t<input type=\"hidden\" name=\"post_id\" value=\"129\"\/>\n\t\t\t<input type=\"hidden\" name=\"form_id\" value=\"f865c9d\"\/>\n\t\t\t<input type=\"hidden\" name=\"referer_title\" value=\"\" \/>\n\n\t\t\t\n\t\t\t<div class=\"elementor-form-fields-wrapper elementor-labels-above\">\n\t\t\t\t\t\t\t\t<div class=\"elementor-field-type-text elementor-field-group elementor-column elementor-field-group-name elementor-col-50 elementor-field-required\">\n\t\t\t\t\t\t\t\t\t\t\t\t<label for=\"form-field-name\" class=\"elementor-field-label\">\n\t\t\t\t\t\t\t\tNamn\t\t\t\t\t\t\t<\/label>\n\t\t\t\t\t\t\t\t\t\t\t\t\t\t<input size=\"1\" type=\"text\" name=\"form_fields[name]\" id=\"form-field-name\" class=\"elementor-field elementor-size-sm  elementor-field-textual\" required=\"required\">\n\t\t\t\t\t\t\t\t\t\t\t<\/div>\n\t\t\t\t\t\t\t\t<div class=\"elementor-field-type-text elementor-field-group elementor-column elementor-field-group-email elementor-col-50 elementor-field-required\">\n\t\t\t\t\t\t\t\t\t\t\t\t<label for=\"form-field-email\" class=\"elementor-field-label\">\n\t\t\t\t\t\t\t\tTelefon\t\t\t\t\t\t\t<\/label>\n\t\t\t\t\t\t\t\t\t\t\t\t\t\t<input size=\"1\" type=\"text\" name=\"form_fields[email]\" id=\"form-field-email\" class=\"elementor-field elementor-size-sm  elementor-field-textual\" required=\"required\">\n\t\t\t\t\t\t\t\t\t\t\t<\/div>\n\t\t\t\t\t\t\t\t<div class=\"elementor-field-type-email elementor-field-group elementor-column elementor-field-group-field_8288a10 elementor-col-50 elementor-field-required\">\n\t\t\t\t\t\t\t\t\t\t\t\t<label for=\"form-field-field_8288a10\" class=\"elementor-field-label\">\n\t\t\t\t\t\t\t\tE-post\t\t\t\t\t\t\t<\/label>\n\t\t\t\t\t\t\t\t\t\t\t\t\t\t<input size=\"1\" type=\"email\" name=\"form_fields[field_8288a10]\" id=\"form-field-field_8288a10\" class=\"elementor-field elementor-size-sm  elementor-field-textual\" required=\"required\">\n\t\t\t\t\t\t\t\t\t\t\t<\/div>\n\t\t\t\t\t\t\t\t<div class=\"elementor-field-type-text elementor-field-group elementor-column elementor-field-group-field_1c1de45 elementor-col-50\">\n\t\t\t\t\t\t\t\t\t\t\t\t<label for=\"form-field-field_1c1de45\" class=\"elementor-field-label\">\n\t\t\t\t\t\t\t\tAdress\t\t\t\t\t\t\t<\/label>\n\t\t\t\t\t\t\t\t\t\t\t\t\t\t<input size=\"1\" type=\"text\" name=\"form_fields[field_1c1de45]\" id=\"form-field-field_1c1de45\" class=\"elementor-field elementor-size-sm  elementor-field-textual\">\n\t\t\t\t\t\t\t\t\t\t\t<\/div>\n\t\t\t\t\t\t\t\t<div class=\"elementor-field-type-textarea elementor-field-group elementor-column elementor-field-group-message elementor-col-100\">\n\t\t\t\t\t\t\t\t\t\t\t\t<label for=\"form-field-message\" class=\"elementor-field-label\">\n\t\t\t\t\t\t\t\tMeddelande\t\t\t\t\t\t\t<\/label>\n\t\t\t\t\t\t<textarea class=\"elementor-field-textual elementor-field  elementor-size-sm\" name=\"form_fields[message]\" id=\"form-field-message\" rows=\"4\"><\/textarea>\t\t\t\t<\/div>\n\t\t\t\t\t\t\t\t<div class=\"elementor-field-type-checkbox elementor-field-group elementor-column elementor-field-group-field_7a868e0 elementor-col-100\">\n\t\t\t\t\t<div class=\"elementor-field-subgroup  \"><span class=\"elementor-field-option\"><input type=\"checkbox\" value=\"Jag accepterar villkoren\" id=\"form-field-field_7a868e0-0\" name=\"form_fields[field_7a868e0]\"> <label for=\"form-field-field_7a868e0-0\">Jag accepterar villkoren<\/label><\/span><\/div>\t\t\t\t<\/div>\n\t\t\t\t\t\t\t\t<div class=\"elementor-field-type-text\">\n\t\t\t\t\t<input size=\"1\" type=\"text\" name=\"form_fields[field_c5aa38e]\" id=\"form-field-field_c5aa38e\" class=\"elementor-field elementor-size-sm \" style=\"display:none !important;\">\t\t\t\t<\/div>\n\t\t\t\t\t\t\t\t<div class=\"elementor-field-type-recaptcha_v3 elementor-field-group elementor-column elementor-field-group-field_2f523ce elementor-col-100 recaptcha_v3-bottomright\">\n\t\t\t\t\t<div class=\"elementor-field\" id=\"form-field-field_2f523ce\"><div class=\"elementor-g-recaptcha\" data-sitekey=\"6LcshuYpAAAAANoDB4PNutdz3QUapVw8n2dtLwAH\" data-type=\"v3\" data-action=\"Form\" data-badge=\"bottomright\" data-size=\"invisible\"><\/div><\/div>\t\t\t\t<\/div>\n\t\t\t\t\t\t\t\t<div class=\"elementor-field-group elementor-column elementor-field-type-submit elementor-col-100 e-form__buttons\">\n\t\t\t\t\t<button class=\"elementor-button elementor-size-sm\" type=\"submit\">\n\t\t\t\t\t\t<span class=\"elementor-button-content-wrapper\">\n\t\t\t\t\t\t\t\t\t\t\t\t\t\t\t\t\t\t\t\t\t\t<span class=\"elementor-button-text\">Skicka<\/span>\n\t\t\t\t\t\t\t\t\t\t\t\t\t<\/span>\n\t\t\t\t\t<\/button>\n\t\t\t\t<\/div>\n\t\t\t<\/div>\n\t\t<\/form>\n\t\t\t\t\t\t<\/div>\n\t\t\t\t<\/div>\n\t\t\t\t\t<\/div>\n\t\t\t\t<\/div>\n\t\t\t\t<\/div>\n\t\t","protected":false},"excerpt":{"rendered":"<p>Om Kits Recycling Kits Recycling, grundat 2011 i Enk\u00f6ping, b\u00f6rjade som ett entreprenadf\u00f6retag specialiserat p\u00e5 installation av vatten och avlopp. Fr\u00e5n 2013 breddade vi v\u00e5r verksamhet till att omfatta \u00e5tervinning av material, vilket har blivit en v\u00e4xande del av v\u00e5r aff\u00e4rsmodell. Sedan 2018 har vi ut\u00f6kat v\u00e5r n\u00e4rvaro till andra orter och st\u00e4rkt v\u00e5rt team [&hellip;]<\/p>\n","protected":false},"author":1,"featured_media":0,"parent":0,"menu_order":0,"comment_status":"closed","ping_status":"closed","template":"","meta":{"_acf_changed":false,"footnotes":""},"class_list":["post-129","page","type-page","status-publish","hentry"],"acf":[],"_links":{"self":[{"href":"https:\/\/kitsrecycling.se\/privat\/wp-json\/wp\/v2\/pages\/129","targetHints":{"allow":["GET"]}}],"collection":[{"href":"https:\/\/kitsrecycling.se\/privat\/wp-json\/wp\/v2\/pages"}],"about":[{"href":"https:\/\/kitsrecycling.se\/privat\/wp-json\/wp\/v2\/types\/page"}],"author":[{"embeddable":true,"href":"https:\/\/kitsrecycling.se\/privat\/wp-json\/wp\/v2\/users\/1"}],"replies":[{"embeddable":true,"href":"https:\/\/kitsrecycling.se\/privat\/wp-json\/wp\/v2\/comments?post=129"}],"version-history":[{"count":34,"href":"https:\/\/kitsrecycling.se\/privat\/wp-json\/wp\/v2\/pages\/129\/revisions"}],"predecessor-version":[{"id":2944,"href":"https:\/\/kitsrecycling.se\/privat\/wp-json\/wp\/v2\/pages\/129\/revisions\/2944"}],"wp:attachment":[{"href":"https:\/\/kitsrecycling.se\/privat\/wp-json\/wp\/v2\/media?parent=129"}],"curies":[{"name":"wp","href":"https:\/\/api.w.org\/{rel}","templated":true}]}}